) be the second derivative of -f**3 - f**2/2 - 3*f + 8. Suppose 2*u = 5*u + 18. What is the units digit of y(u)?
5
Suppose 4*i - 48 = 72. What is the hundreds digit of (-462)/(-4) - i/(-20)?
1
Suppose 0 = f - 1 - 2. Suppose -b + 25 = b + 3*z, 20 = b + f*z. Suppose 6*l - 89 = -b. What is the units digit of l?
4
Let o(i) be the third derivative of i**5/60 + i**4/8 - 7*i**3/6 - 5*i**2. Let h be o(5). Let z = 62 - h. What is the units digit of z?
9
Let v be (-45)/(-2 - (-36)/20). Suppose -2*c = -2*w + 82, -c = -6*w + w + v. What is the tens digit of w?
4
Let l(n) = -n**3 + 22*n**2 + 30*n - 127. What is the units digit of l(19)?
6
Suppose -3*n = 2*v - 4 - 3, -3*n - 4*v = -17. What is the units digit of (-10)/(n/(1 + 4))?
0
Let d(k) = -k**2 - 11*k + 12. Let g be d(-12). What is the tens digit of (12/(-1) - -4)*(g - 8)?
6
Suppose -29 = -4*l + 2*r - 3, -l = -4*r - 24. Suppose 0 = -3*p - 3, 7*p - 4 = -g + l*p. What is the units digit of g?
7
Let a(u) = u**3 + 28*u**2 + 59*u - 21. What is the hundreds digit of a(-24)?
8
Suppose 3*q + 54 = 3*z, -6*z + 2*q + 99 = -z. Let f(h) = -h**2 + 24*h + 2. What is the tens digit of f(z)?
6
Let i = 27 - 27. Suppose -c + 6*c + 200 = i. What is the tens digit of (180/c)/((-1)/4)?
1
Let x(n) = 5*n - n**3 - 15*n**2 + 5*n**2 + 5*n**2 + 0*n. Let o be x(-6). Suppose 2*z - o*z + 264 = 0. What is the units digit of z?
6
Let o be (-2)/(8/(-2) + 2). What is the hundreds digit of 218*o*1/2?
1
Suppose -q = 37*d - 40*d + 5799, 15 = 5*q. What is the tens digit of d?
3
Let j(q) = 3*q**2 - 10*q + 10. What is the hundreds digit of j(-6)?
1
Let p(v) = -3*v**2 + 10*v + 7. Let t(c) = 7*c**2 - 19*c - 13. Let w(b) = 5*p(b) + 2*t(b). What is the tens digit of w(9)?
3
Let y = 61 + -95. Let i = y - -22. Let j = 0 - i. What is the tens digit of j?
1
Let w(y) = 2*y**3 - 6*y**2 + 19*y - 8. What is the tens digit of w(8)?
8
Let q be 1*((-3 - -7) + -3)/(-1). What is the units digit of q*1/(-4) + 41961/284?
8
Suppose 2*c = 2*h + 12, -4*h = -3*c + 12 + 8. What is the tens digit of (-4 - h) + 4 + (34 - 2)?
3
Let j(g) = 5*g. Let w be j(1). Suppose -5*a = -4*v - 1 - 4, -4*a + 4 = w*v. Suppose v = -3*p + 71 - 5. What is the units digit of p?
2
Let k(u) = -70*u - 20. What is the units digit of k(-16)?
0
Let m(a) = a**3 + 4*a**2 - 5*a + 3. Suppose -7*b + 4*p = -3*b + 24, -14 = 3*b + p. Let z be m(b). What is the units digit of (-15)/2*(-10)/z?
5
Let d = -167 - -225. What is the units digit of d?
8
Suppose 0 = -3*y + 7*y. Suppose y = d + d - 10. Suppose 0 = -5*z + d. What is the units digit of z?
1
Suppose 3 = -9*n + 426. Let p = n - 13. What is the tens digit of p?
3
Suppose 0*p - 540 = -4*x + 2*p, -2 = p. Suppose -5*w + 76 = -x. What is the units digit of w?
2
Let n be 4*(-1)/(-4)*210. Suppose 132 = 3*o - n. Suppose -7*r + 4*r + o = 0. What is the tens digit of r?
3
Let q = 8 - 7. Let d(t) = -t - 1. Let b be d(q). Let j(m) = m**2 - 5*m - 2. What is the units digit of j(b)?
2
Suppose -4*q = -4*y - 116, 113 = 2*q + 2*q - 5*y. Suppose 5*k + 8 = 2*x, -2*k + 9 - q = -3*x. What is the units digit of x?
9
Let b(t) be the first derivative of 4*t**2 + 5 + 3*t**2 - t**2 + 6*t. What is the units digit of b(4)?
4
Let z(x) = -11*x - 45. Let c be z(-9). Suppose 51*s = c*s - 984. What is the tens digit of s?
2
Let k(z) = -2*z**3 + 9*z**2 + z - 16. Let f(o) = o**3 - 4*o**2 - o + 8. Let h(t) = 11*f(t) + 6*k(t). Let j = 187 - 178. What is the units digit of h(j)?
8
Suppose 69309 + 19709 = 47*d. What is the tens digit of d?
9
Let b(v) = 973*v - 343. What is the tens digit of b(2)?
0
Let z be 245 - (0 - (-1)/(-1)). Suppose -21*s + 19*s = -z. What is the hundreds digit of s?
1
Suppose -8640 = -9*k - 3*k. What is the tens digit of k?
2
Let d(i) = -2*i**3 - 2*i**2 - 2*i - 1. Let p be d(-1). What is the units digit of 87 - (12/(-3) + 3)/p?
8
Let f = 6 - 17. Let v = f + 13. Suppose 61 = 4*x + 5*n + v, -4*x = 3*n - 61. What is the tens digit of x?
1
Let a(n) = 3*n - 3. Let o be a(2). Let t(m) be the third derivative of m**5/30 + m**4/6 - m**3/2 + 14*m**2. What is the tens digit of t(o)?
2
Let o = -935 + 2887. What is the units digit of o?
2
Suppose -3*d - 6 = -6*d. Suppose 6*f - 61 = 227. Suppose -2*q + u = -u - f, d*q - 36 = -2*u. What is the units digit of q?
1
What is the tens digit of 173641/259 + (-4)/(-7)?
7
Let p = -65 + 62. What is the tens digit of p - (-4)/(-1)*48/(-4)?
4
Let i(q) = -3 - 7*q + q**3 + 6*q**2 + 7 + 4*q. What is the units digit of i(-5)?
4
Let z = 4088 - 2317. What is the hundreds digit of z?
7
Let n(p) = 5*p**2 - p - 7. Let y(o) = 14*o**2 - 3*o - 20. Let j(l) = -8*n(l) + 3*y(l). What is the tens digit of j(-5)?
5
Suppose -34455 = 10*q - 96645. What is the thousands digit of q?
6
Let p(r) = 9*r**2 + 6*r - 48. What is the hundreds digit of p(-9)?
6
Suppose -4*u - 23 = -27. What is the tens digit of -3*u*(-549)/27?
6
Let t = -11 + 14. Suppose -2*x - j = -27, -4*x + t*j + 78 = 9. What is the units digit of x?
5
Let b(f) = 2*f**2 - 10*f + 5. Let j be b(5). Suppose -6*g + 5*g = -j*x - 143, 3*x = 0. What is the tens digit of g?
4
Let o be (1 - (-165 + -1))*1. Suppose -144 = -2*a - s, 5*a + s = o + 199. What is the units digit of a?
4
Let r(v) = 3*v**2 + 21*v - 6. What is the tens digit of r(-18)?
8
Suppose -16 = -4*x - 4*s, -4 = 3*x + 4*s - 11. Suppose -x*q + 7*q = -86. What is the units digit of q?
3
Suppose 11*k - 6*k = -285. Let p = -3 - k. What is the units digit of p?
4
Let h(g) be the first derivative of 7*g**2/2 - g - 1. Suppose 8*j - 125 + 101 = 0. What is the units digit of h(j)?
0
Let u(f) = 16*f - 45. Let y be u(-23). Let t = -202 - y. What is the tens digit of t?
1
Suppose -5*p = 7*d - 11*d - 15725, -15695 = -5*p - 2*d. What is the units digit of p?
1
Let r(d) = d**2 + 2*d + 23. Suppose -4*t + 3*a - 34 = -0*t, 0 = -4*t + 4*a - 32. What is the units digit of r(t)?
3
Let d be -1 + 2 + (1 - -3). Let f(u) = 11*u**2 - 17*u - 3. Let z(r) = -5*r**2 + 8*r + 2. Let n(c) = 4*f(c) + 9*z(c). What is the units digit of n(d)?
1
Let y(s) = -s. Let v = -7 - 4. Let m = v - -10. What is the units digit of y(m)?
1
Let g be ((-40)/(-10))/((-2)/(-1)). Suppose -h + 0 + g = 0. Suppose 5*m + 2*c = 79, h*m + m - c - 43 = 0. What is the tens digit of m?
1
Let h(c) = 188*c**2 + 83*c. What is the tens digit of h(-4)?
7
Suppose -2*h + 7624 = 4*n, -9529 = -5*n - 7*h + 4*h. What is the thousands digit of n?
1
Suppose 0 = -88*u + 32*u + 78120. What is the tens digit of u?
9
Let o = -1420 + 2309. What is the tens digit of o?
8
Let w be (6/(-2) + 2)*-76. Suppose -2*k + 4*o + w = 0, -2*k + 2*o + 72 = -0*k. What is the tens digit of k?
3
Let z = -21 - -25. Suppose -3*a + z*a - 2 = 0. Suppose -3*c + 0*s + 18 = a*s, 5*s = 4*c - 24. What is the units digit of c?
6
Let r be (-1 - -1109) + (-15)/5. Suppose -8*f + r = 449. What is the tens digit of f?
8
Let h = 20 - 20. Suppose h = 2*q - 2 - 4. Suppose -201 = -6*g + q. What is the units digit of g?
4
Let b = 429 + -235. What is the units digit of b?
4
Let h = 744 + 544. What is the tens digit of h?
8
Let o(m) = m**2 + 4*m + 14. Let y be o(-9). Let x = -55 + y. What is the units digit of x?
4
Let d = -176 - -179. What is the units digit of d?
3
What is the hundreds digit of 138/161*(3 + 578)?
4
What is the hundreds digit of ((-158)/5)/((-22)/550)?
7
Suppose 4*w - 5 = 15. Suppose -80 = -w*j + j. Let t = j - 7. What is the units digit of t?
3
Suppose 0 = -3*o + 8 + 4. Suppose -o*l + 72 = 48. What is the units digit of l?
6
Let r(l) = 4*l**2 - 3*l - 1. Suppose 0 = -o + 2*o - 3. What is the units digit of r(o)?
6
Let n = 22 - 19. Suppose -4*p = t - 31, n*t = 3*p - 8 + 56. What is the units digit of t?
9
Suppose -3*d = 9, 3*j + 4*d + 12 = j. Suppose j = 4*m - 3*m + 30. Let f = m + 54. What is the units digit of f?
4
Let i be 12/7*(-2 - -9). Let p(f) = 13 + 4 - 12*f**2 - f + f**3 - 4 + 3. What is the units digit of p(i)?
4
Let y(q) = 10 + 11*q - 27 + 5*q + 25*q. What is the units digit of y(4)?
7
Suppose 84*f = 82*f + 918. What is the units digit of f?
9
Suppose 0 = -5*s + 4*s + 74. What is the units digit of ((-12)/(-8) + -1)*s?
7
Let l(i) = i**3 + i**2 - i. Let h(u) = 3*u**2 - 3*u - 2. Let m be h(-1). What is the units digit of l(m)?
6
What is the hundreds digit of (-3)/21 - 186*(-290)/35?
5
Suppose 40 - 16 = -6*j. Let x(i) = -2*i**3 + 4*i**